ed by 160721.
254
Calculate the remainder when 50768573 is divided by 865.
858
What is the remainder when 2688703 is divided by 244?
67
Calculate the remainder when 26516933 is divided by 9.
8
Calculate the remainder when 137463 is divided by 27492.
3
What is the remainder when 6163620 is divided by 603?
357
Calculate the remainder when 118822262 is divided by 451.
449
What is the remainder when 4907590 is divided by 4907570?
20
Calculate the remainder when 703259367 is divided by 165.
162
Calculate the remainder when 40322079 is divided by 73.
18
Calculate the remainder when 16981798 is divided by 408.
22
Calculate the remainder when 90246605 is divided by 272.
269
What is the remainder when 339930 is divided by 6170?
580
Calculate the remainder when 12044387 is divided by 36.
11
Calculate the remainder when 4798347 is divided by 4798307.
40
Calculate the remainder when 15946126 is divided by 201.
193
What is the remainder when 213505495 is divided by 47?
5
What is the remainder when 61856 is divided by 1167?
5
Calculate the remainder when 5738929 is divided by 20.
9
What is the remainder when 4994376 is divided by 1053?
1050
What is the remainder when 998799 is divided by 998560?
239
What is the remainder when 61606 is divided by 266?
160
Calculate the remainder when 167323 is divided by 6396.
1027
What is the remainder when 23371920 is divided by 4674377?
35
Calculate the remainder when 4058132 is divided by 1365.
1352
What is the remainder when 1115476 is divided by 11?
10
Calculate the remainder when 63516 is divided by 31687.
142
What is the remainder when 717542 is divided by 2249?
111
Calculate the remainder when 923750 is divided by 9146.
4
Calculate the remainder when 22706 is divided by 4532.
46
Calculate the remainder when 155434 is divided by 21750.
3184
Calculate the remainder when 8192352 is divided by 302.
300
What is the remainder when 1042270 is divided by 1797?
10
What is the remainder when 210317 is divided by 69626?
1439
Calculate the remainder when 476129 is divided by 62.
31
Calculate the remainder when 1907428 is divided by 187.
28
Calculate the remainder when 123685 is divided by 1819.
1812
What is the remainder when 108707 is divided by 1302?
641
Calculate the remainder when 4743413 is divided by 2440.
53
What is the remainder when 26703289 is divided by 100767?
34
Calculate the remainder when 14460 is divided by 2927.
2752
What is the remainder when 234300 is divided by 16?
12
What is the remainder when 2102890 is divided by 422?
64
Calculate the remainder when 1341216 is divided by 167539.
904
What is the remainder when 1089 is divided by 998?
91
What is the remainder when 216262 is divided by 23971?
523
Calculate the remainder when 5650800 is divided by 5772.
12
Calculate the remainder when 623958 is divided by 6705.
393
What is the remainder when 1414799 is divided by 2596?
2575
What is the remainder when 692041 is divided by 8980?
581
Calculate the remainder when 4274195 is divided by 177.
176
What is the remainder when 22471502 is divided by 25?
2
What is the remainder when 306312 is divided by 22?
6
What is the remainder when 1189736 is divided by 396209?
1109
Calculate the remainder when 1717964 is divided by 63.
17
Calculate the remainder when 59191029 is divided by 1973034.
9
What is the remainder when 30658259 is divided by 16?
3
Calculate the remainder when 3616023 is divided by 1211.
1188
What is the remainder when 33510472 is divided by 919?
56
Calculate the remainder when 4158983 is divided by 5575.
33
What is the remainder when 26857920 is divided by 2204?
2180
What is the remainder when 2980751 is divided by 694?
21
Calculate the remainder when 2838 is divided by 1630.
1208
Calculate the remainder when 44528464 is divided by 173.
167
What is the remainder when 922434 is divided by 32?
2
What is the remainder when 401047780 is divided by 19?
17
Calculate the remainder when 116334340 is divided by 58167160.
20
Calculate the remainder when 10230698 is divided by 387.
353
Calculate the remainder when 1279144 is divided by 2676.
16
What is the remainder when 100077683 is divided by 10295?
10283
Calculate the remainder when 7510277 is divided by 398.
17
What is the remainder when 1069911 is divided by 106988?
31
Calculate the remainder when 2778313 is divided by 11924.
21
What is the remainder when 763924 is divided by 5884?
4888
What is the remainder when 546617 is divided by 587?
120
Calculate the remainder when 153424 is divided by 36.
28
Calculate the remainder when 160197 is divided by 19794.
1845
What is the remainder when 5514648 is divided by 34683?
51
Calculate the remainder when 42617312 is divided by 8685.
17
Calculate the remainder when 18654 is divided by 2288.
350
Calculate the remainder when 235138342 is divided by 9405533.
17
Calculate the remainder when 6197871 is divided by 426.
423
What is the remainder when 52019294 is divided by 18?
14
Calculate the remainder when 875260 is divided by 97210.
370
Calculate the remainder when 1513854 is divided by 443.
123
What is the remainder when 2256670 is divided by 1126660?
3350
Calculate the remainder when 17016984 is divided by 304.
280
Calculate the remainder when 2981988 is divided by 273.
9
Calculate the remainder when 110957 is divided by 1137.
668
What is the remainder when 5758556 is divided by 1161?
1157
Calculate the remainder when 246799 is divided by 857.
840
What is the remainder when 469637 is divided by 58700?
37
What is the remainder when 749512 is divided by 5678?
16
What is the remainder when 9897 is divided by 3394?
3109
What is the remainder when 1082746 is divided by 737?
93
What is the remainder when 26639 is divided by 2203?
203
Calculate the remainder when 10830 is divided by 4905.
1020
What is the remainder when 5445915 is divided by 55?
35
What is the remainder when 23663224 is divided by 216?
208
Calculate the remainder when 32933 is divided by 890.
3
What is the remainder when 188991 is divided by 94390?
211
Calculate the remainder when 2590445 is divided by 9737.
403
What is the remainder when 55116423 is divided by 232?
183
What is the remainder when 41060358 is divided by 504?
486
What is the remainder when 146670506 is divided by 3787?
3783
What is the remainder when 3488140 is divided by 1633?
52
Calculate the remainder when 62992 is divided by 15348.
1600
Calculate the remainder when 5015206 is divided by 128595.
1
What is the remainder when 3336246 is divided by 10361?
4
Calculate the remainder when 89481 is divided by 1085.
511
What is the remainder when 239291 is divided by 306?
305
Calculate the remainder when 10403820 is divided by 26.
24
What is the remainder when 35548558 is divided by 9533?
1
Calculate the remainder when 104926 is divided by 104715.
211
What is the remainder when 3217185 is divided by 47311?
37
Calculate the remainder when 51297149 is divided by 2634.
2633
What is the remainder when 2026252 is divided by 1650?
52
What is the remainder when 6400287 is divided by 492326?
49
What is the remainder when 88316 is divided by 1050?
116
What is the remainder when 849976 is divided by 2864?
2232
What is the remainder when 3198386 is divided by 1306?
1298
What is the remainder when 18688236 is divided by 875?
861
What is the remainder when 2851109 is divided by 143?
118
Calculate the remainder when 16107374 is divided by 5369111.
41
What is the remainder when 1564616 is divided by 782280?
56
Calculate the remainder when 81837 is divided by 80.
77
What is the remainder when 6394654 is divided by 59?
57
Calculate the remainder when 765669 is divided by 63689.
1401
What is the remainder when 150176 is divided by 2339?
480
Calculate the remainder when 193066085 is divided by 8519.
8507
Calculate the remainder when 38018 is divided by 446.
108
Calculate the remainder when 49826 is divided by 6181.
378
What is the remainder when 22253655 is divided by 277?
29
What is the remainder when 4637583 is divided by 492?
483
What is the remainder when 21399631 is divided by 1528545?
1
What is the remainder when 770665364 is divided by 21?
14
What is the remainder when 3428829 is divided by 29056?
221
What is the remainder when 287107 is divided by 147?
16
What is the remainder when 461862 is divided by 6187?
402